 h?
2, 5, 1033
Let w(j) = 2*j + 28. Let l be w(-32). Let v = l - -144. List the prime factors of v.
2, 3
Let f = -94 - -104. Suppose -5*d = 5*o - 1315, -2*o = -o + 5*d - 283. Suppose 1258 = f*k + o. List the prime factors of k.
2, 5
Let o be (3 - 2) + 3 + -2. Suppose 0 = -o*k - 0*k + 4. Suppose 0 = -k*f - 2*s + 30, s = 5*s + 20. List the prime factors of f.
2, 5
Let n = -10 + 23. Let w(h) = 2*h - 130. Let s(t) = -t + 47. Let u(y) = -8*s(y) - 3*w(y). List the prime factors of u(n).
2, 5
Let r = 50395 - 18239. What are the prime factors of r?
2, 8039
Let t be 5/4 - 30/(-40). Let k(u) = u**2 + 2*u + 2*u**2 - 2*u**t + 1 + 136. List the prime factors of k(0).
137
Let b = 17195 + 2143. List the prime factors of b.
2, 3, 11, 293
Let g = -8714 - -16006. What are the prime factors of (-11)/(-154)*4 + g/7?
2, 521
Let x be (-1 + 0)*(20 - 25). Let l(z) = x*z**2 - 7*z - 8*z - 56 - 4*z**2 + 42. What are the prime factors of l(-6)?
2, 7
Suppose 0 = -3*o - 10 + 7, -3*o = -2*h + 9883. List the prime factors of h.
2, 5, 13, 19
Let w(p) = p**2 - 6*p + 40. Let m be (-144)/(-32)*(-14)/(-3). Let u = 9 - m. List the prime factors of w(u).
2
Suppose -4*y - 13*d = -10*d - 179002, 0 = -4*d - 24. What are the prime factors of y?
5, 8951
Let r(k) = 153*k**3 + 32*k**2 - 167*k + 29. List the prime factors of r(6).
149, 223
Suppose -o - 64*m + 36120 = -60*m, 144450 = 4*o + m. List the prime factors of o.
2, 37, 61
Let p be (-10)/(-4)*(76/20 - -3). Suppose -r - 4*z = -p, -4*z - 1 = 3*r - 5*z. Suppose -3*v + 161 = -w, -5*w - r + 44 = v. List the prime factors of v.
53
Let s(x) = x. Let p(a) = -12*a - 10. Let w(m) = -p(m) - 2*s(m). Let f be w(6). Suppose -3*k + 13*k - f = 0. List the prime factors of k.
7
Let a(i) = 45*i**2 + 10*i - 251. What are the prime factors of a(-13)?
2, 3, 7, 43
Let u be (9 + -1)*(-759)/(-22). Suppose -82*j + u = -85*j. Let x = j - -113. What are the prime factors of x?
3, 7
Suppose 3*c + 1 = l - 3*l, l = -c. List the prime factors of c*(-2 - -3)*-3 + 1016.
1019
Suppose 8 = -69*n + 73*n, -9637 = -a - n. List the prime factors of a.
5, 41, 47
Let z = -29380 - -60294. What are the prime factors of z?
2, 13, 29, 41
Suppose -30*s - 78*s + 720036 = 0. What are the prime factors of s?
59, 113
Let u(y) = -80*y - 65. Let q be u(-11). What are the prime factors of q/3 - 5 - 4/6?
2, 7, 19
Let l = -17763 - -23841. List the prime factors of l.
2, 3, 1013
What are the prime factors of 3926 - -304 - -9*1?
3, 157
List the prime factors of ((-2491758)/408)/(1 - 11/8).
2, 17, 479
Suppose 5*a + 44*a = 98. Let i be (-4)/14 + (-23)/(-7). Suppose -y = -i*n + 322, a*n = 5*y - y + 218. List the prime factors of n.
107
Let v(j) = 167*j + 6788. What are the prime factors of v(16)?
2, 5, 11, 43
Let i(b) be the second derivative of -3*b**5/10 - 5*b**4/4 - 2*b**3/3 + 3*b**2 - 35*b. List the prime factors of i(-5).
401
Suppose 136 = 2*o - 2*z, o + 272 = 5*o - 2*z. Suppose -o = -j + y + 137, 5*y = -20. List the prime factors of j.
3, 67
Suppose 3*v + v - 3100 = u, 2*v + 3*u = 1564. Suppose -2*n - 2*n = v. Let i = n - -300. What are the prime factors of i?
2, 53
Suppose 0 = 4*f - 3*g - 3, -3*f - 5*g = -0*g + 34. Let w = 0 - f. Suppose 4*m - x - 57 = 0, 3*m - m = -w*x + 39. List the prime factors of m.
3, 5
Suppose -3*v + 2 = v - 3*d, -5*d = 2*v - 14. Let t(h) = 16*h + 12*h**v - 9*h**2 + h**3 - 10 - 16*h**2. What are the prime factors of t(12)?
2, 19
Let q(v) be the second derivative of -v**5/20 + v**4/6 + 231*v**2/2 + v. Let a = -668 + 668. What are the prime factors of q(a)?
3, 7, 11
Suppose 0 = a - 33 + 28. Suppose -5*y - a*u = -1495, 2*y - 98 = u + 506. List the prime factors of y.
7, 43
Suppose 38 - 13 = 5*z. Let u be 2 + (-1)/(z/35). List the prime factors of (-282)/u - 8/20.
2, 7
Suppose -2*a + 4 = 2*c, 4*c = 6*c - 2*a + 16. Let m be 0/(3 + c - (-2 + 1)). What are the prime factors of 102/3 + (m - 2)?
2
Let b = -26414 - -63327. List the prime factors of b.
36913
Suppose -4*m = 5*r - 175105, r - 106*m + 105*m = 35012. What are the prime factors of r?
19, 97
Let l(s) = s**2 + 7*s + 5. Let r(y) = -2*y**2 - 6*y - 4. Let x(a) = -3*l(a) - 4*r(a). Let d be x(3). Let k = 71 - d. List the prime factors of k.
2
Let d = -55 - -56. What are the prime factors of (-8 - -5) + d + 1 + 253?
2, 3, 7
Let u(y) be the first derivative of 24 + 1/3*y**3 - 23*y + 15/2*y**2. List the prime factors of u(-18).
31
Let q(p) = -377*p**3 - p**2 + 8*p + 8. Let x be (2/(-2))/(5/(-30)*-6). List the prime factors of q(x).
2, 47
Suppose 38*m - 168 = 32*m. Let l(f) = -f**3 + 29*f**2 - 10*f + 22. What are the prime factors of l(m)?
2, 263
Let r(u) = -2*u**2 + 21*u - 5. Let b be r(10). Let z(y) = 28*y**2 - 7*y + 9. List the prime factors of z(b).
2, 337
Let c be 0 - -1 - 5/(-1). Suppose 0 = -4*r + r + c. Suppose r*v - 213 = -0*v - i, 2*v + 5*i - 233 = 0. What are the prime factors of v?
2, 13
Let f be (13 - 8 - -2343)/(0 + -1). Let t = f - -3457. List the prime factors of t.
1109
Let y be 4*(-9)/((-27)/24). Suppose 0 = -5*v - 22 + y. Suppose 2*p - 71 = -3*d + v*d, -p = 2. List the prime factors of d.
3, 5
Let y(a) = 3*a**3 - 64*a**2 - 131*a - 209. List the prime factors of y(35).
181, 251
Suppose 416 + 880 = 6*f. Suppose -3*l + 6*l = f. Let v = l + -43. What are the prime factors of v?
29
Let u(c) = -12*c**2 + 12*c + 6. Let r be u(6). Let v = 1088 - r. Suppose -v = -7*g - 0*g. What are the prime factors of g?
2, 103
Let k = -36180 + 63191. List the prime factors of k.
27011
Let f be (3/(-9) - -2) + (-78476)/(-69). Let h = f + -116. List the prime factors of h.
3, 11, 31
Let g be -2*(5 - 119/2). Suppose -v + g - 64 = 0. What are the prime factors of v?
3, 5
Suppose -2*n + 4*x + 2757 = 1087, 2*n = -2*x + 1700. Let z = 1934 - n. What are the prime factors of z?
3, 11
Let y = 77159 - 54674. List the prime factors of y.
3, 5, 1499
Suppose -4*q - 2*t - 496 = -0*q, 3*q + 5*t = -379. Let p = 128 + q. Suppose -u + 58 = 5*x, -14 = -0*x - 2*x - p*u. List the prime factors of x.
2, 3
Let f(g) = -g**2 + 2*g + 23. Let n be f(5). Suppose 36*p + n*p = 58696. List the prime factors of p.
2, 23, 29
Let b be (-80)/(-12)*(-24)/(-20). Let y(r) = r**3 - 11*r**2 + 23*r + 18. What are the prime factors of y(b)?
2, 5
Let w = -114 - -134. Suppose -4*n + 270 = -n. Let t = n + w. What are the prime factors of t?
2, 5, 11
Let n be ((-15)/(-45))/((-2)/(-6))*-45. Let a = n + 912. Suppose 0 = -3*b - 4*t - 43 + a, 2*t + 1128 = 4*b. What are the prime factors of b?
2, 5, 7
Let q(i) = 13*i**3 - 10*i**2 + 6*i + 33. Let c(a) = 6*a**3 - 5*a**2 + 3*a + 16. Let l(v) = 5*c(v) - 2*q(v). What are the prime factors of l(5)?
2, 101
Suppose -2*i + 5*r = 46 + 2, 0 = 3*i - r + 72. What are the prime factors of ((-310)/(-15))/((-2)/i)?
2, 31
Let h(z) = 3*z - 56. Let q(m) = 1. Let u(y) = -h(y) - 3*q(y). Let d be u(17). Suppose 703 = 5*v + d*n, -2*v - n + 4*n + 266 = 0. List the prime factors of v.
139
Suppose -8*j + 45 = 5. Suppose 0*r + r - 4*b = 185, j*b + 970 = 5*r. Suppose -41 = -2*s + r. List the prime factors of s.
7, 17
Let i be 7 + 4*(-1965)/(-10). Let m = i + 159. List the prime factors of m.
2, 7, 17
Suppose 2 = r + 5. Let q = 9 - 1. List the prime factors of q + (-3 - (-3 - r)).
5
Let o be 16/24*(-6)/(-4). What are the prime factors of 83 - o/2*-6?
2, 43
Suppose 71*f - 70*f - 93 = 0. Suppose 95*j - f*j = 1908. List the prime factors of j.
2, 3, 53
Let c be (-4470)/(-9)*(-9)/(-6). Let q = -290 + c. What are the prime factors of q?
5, 7, 13
Let o(i) = -628*i + 327. List the prime factors of o(-17).
11003
Let i be (-16)/(-40) + (-2186)/(-10). Suppose -2*j - 3*u = -135, 3*j - i = u - 0*u. Let t = -8 + j. List the prime factors of t.
2
Suppose 22*q - 36 = 8. Suppose -9*t + 898 = -7*t + q*s, -t = -4*s - 469. List the prime factors of t.
3, 151
Let a(m) = 2*m + 18. Let d be a(-14). Let w be (d + -2)/(-4) + 2333. What are the prime factors of 7/(-2)*w/(-56)?
2, 73
Let b = 928 - -46912. What are the prime factors of b?
2, 5, 13, 23
Let n = 17 + -12. Suppose -n*t + 4*t + 1636 = 0. List the prime factors of t.
2, 409
Let i be 5/((-10 - -5)/(-5)). Suppose 0 = i*c - 46 - 39. List the prime factors of c.
17
Suppose r + 8 = l + l, 2*l + 5*r - 8 = 0. Suppose -5*c = 3*b - 7382, 2*b = l*c + 4*b - 5906. List the prime factors of c.
7, 211
Suppose 4*h = 2*l + 88, 3*h 